{"id":9,"date":"2022-08-16T10:06:26","date_gmt":"2022-08-16T10:06:26","guid":{"rendered":"https:\/\/bagalali-trade.ch\/?page_id=9"},"modified":"2022-08-21T06:50:16","modified_gmt":"2022-08-21T06:50:16","slug":"about","status":"publish","type":"page","link":"https:\/\/bagalali-trade.ch\/","title":{"rendered":"Import\/Export mit Erfahrung und Know-how"},"content":{"rendered":"<p><\/p>\r\n<p>\u00a0<img loading=\"lazy\" decoding=\"async\" class=\"wp-image-153 aligncenter\" src=\"https:\/\/bagalali-trade.ch\/wp-content\/uploads\/2022\/08\/schweiz-300x200.png\" alt=\"\" width=\"189\" height=\"126\" \/>\u00a0\u00a0\u00a0\u00a0\u00a0\u00a0\u00a0\u00a0\u00a0\u00a0\u00a0\u00a0 <\/p>\r\n<p><img loading=\"lazy\" decoding=\"async\" class=\"size-full wp-image-78 aligncenter\" src=\"https:\/\/bagalali-trade.ch\/wp-content\/uploads\/2022\/08\/c9c752ea6c1449d483d768e8b009a414-2.png\" alt=\"\" width=\"200\" height=\"200\" srcset=\"https:\/\/bagalali-trade.ch\/wp-content\/uploads\/2022\/08\/c9c752ea6c1449d483d768e8b009a414-2.png 200w, https:\/\/bagalali-trade.ch\/wp-content\/uploads\/2022\/08\/c9c752ea6c1449d483d768e8b009a414-2-150x150.png 150w, https:\/\/bagalali-trade.ch\/wp-content\/uploads\/2022\/08\/c9c752ea6c1449d483d768e8b009a414-2-100x100.png 100w\" sizes=\"auto, (max-width: 200px) 100vw, 200px\" \/><\/p>\r\n<p>&nbsp;<\/p>\r\n<p>Sie suchen ein Unternehmen, das Sie beim Import\/Export unterst\u00fctzt? Als moderne, dynamische Spedition ist die Bagalali Trade GmbH der richtige Ansprechpartner. Das Unternehmen hat sich in der Schweiz, positioniert. Um allen Kundenanforderungen gerecht zu werden, bietet die Spedition s\u00e4mtliche Dienstleistungen in den Bereichen Zollabwicklung und Transport \u2013 und dies rund um die Uhr an.\u00a0<br \/>Bei der Bagalali Trade GmbH k\u00f6nnen Kunden seit 2009 ein l\u00fcckenloses Spektrum an Speditionsdienstleistungen in Anspruch nehmen. Neben internationalen LKW-Transporten organisieren die Mitarbeiter der Spedition auch Luft- und Seefrachtsendungen. Um die Abwicklung von Formalit\u00e4ten k\u00fcmmert sich das hochqualifizierte Team aus der Schweiz. Wer sich f\u00fcr Import\/Export interessiert, kann bei der Bagalali Trade GmbH individuelle Spezialtransporte ebenso in Auftrag geben wie allt\u00e4gliche Speditionsaufgaben. Die Bagalali GmbH arbeitet mit einem ausgezeichneten Netzwerk an Partnern zusammen, um Aufgaben im Bereich Import\/Export weltweit anbieten zu k\u00f6nnen.\u00a0<\/p>\r\n<p>&nbsp;<\/p>\r\n<p>&nbsp;<\/p>\r\n","protected":false},"excerpt":{"rendered":"<p>\u00a0\u00a0\u00a0\u00a0\u00a0\u00a0\u00a0\u00a0\u00a0\u00a0\u00a0\u00a0\u00a0 &nbsp; Sie suchen ein Unternehmen, das Sie beim Import\/Export unterst\u00fctzt? Als moderne, dynamische Spedition ist die Bagalali Trade GmbH der richtige Ansprechpartner. Das Unternehmen hat sich in der Schweiz, positioniert. Um allen Kundenanforderungen gerecht zu werden, bietet die Spedition s\u00e4mtliche Dienstleistungen in den Bereichen Zollabwicklung und Transport \u2013 und dies rund um die Uhr &hellip; <\/p>\n<p class=\"link-more\"><a href=\"https:\/\/bagalali-trade.ch\/\" class=\"more-link\"><span class=\"screen-reader-text\">&#171;Import\/Export mit Erfahrung und Know-how&#187;<\/span> weiterlesen<\/a><\/p>\n","protected":false},"author":1,"featured_media":45,"parent":0,"menu_order":0,"comment_status":"closed","ping_status":"closed","template":"","meta":{"footnotes":""},"class_list":["post-9","page","type-page","status-publish","has-post-thumbnail","hentry"],"_links":{"self":[{"href":"https:\/\/bagalali-trade.ch\/index.php\/wp-json\/wp\/v2\/pages\/9","targetHints":{"allow":["GET"]}}],"collection":[{"href":"https:\/\/bagalali-trade.ch\/index.php\/wp-json\/wp\/v2\/pages"}],"about":[{"href":"https:\/\/bagalali-trade.ch\/index.php\/wp-json\/wp\/v2\/types\/page"}],"author":[{"embeddable":true,"href":"https:\/\/bagalali-trade.ch\/index.php\/wp-json\/wp\/v2\/users\/1"}],"replies":[{"embeddable":true,"href":"https:\/\/bagalali-trade.ch\/index.php\/wp-json\/wp\/v2\/comments?post=9"}],"version-history":[{"count":14,"href":"https:\/\/bagalali-trade.ch\/index.php\/wp-json\/wp\/v2\/pages\/9\/revisions"}],"predecessor-version":[{"id":254,"href":"https:\/\/bagalali-trade.ch\/index.php\/wp-json\/wp\/v2\/pages\/9\/revisions\/254"}],"wp:featuredmedia":[{"embeddable":true,"href":"https:\/\/bagalali-trade.ch\/index.php\/wp-json\/wp\/v2\/media\/45"}],"wp:attachment":[{"href":"https:\/\/bagalali-trade.ch\/index.php\/wp-json\/wp\/v2\/media?parent=9"}],"curies":[{"name":"wp","href":"https:\/\/api.w.org\/{rel}","templated":true}]}}